
{"id":40735,"date":"2026-09-01T20:10:49","date_gmt":"2026-09-01T23:10:49","guid":{"rendered":"https:\/\/ifbaiano.edu.br\/portal\/?post_type=concursos&#038;p=40735"},"modified":"2026-09-03T15:23:38","modified_gmt":"2026-09-03T18:23:38","slug":"chamada-publica-cepe-setembro-2026","status":"publish","type":"concursos","link":"https:\/\/ifbaiano.edu.br\/portal\/concursos\/chamada-publica-cepe-setembro-2026\/","title":{"rendered":"Chamada P\u00fablica para escolha de representantes discentes do Ensino B\u00e1sico e do Ensino Superior no Conselho de Ensino, Pesquisa e Extens\u00e3o (CEPE)"},"content":{"rendered":"\n<p style=\"text-align: justify;\">\nA SUBSTITUTA DA REITORA DO INSTITUTO FEDERAL DE EDUCA\u00c7\u00c3O, CI\u00caNCIA E TECNOLOGIA BAIANO , no\nuso das suas atribui\u00e7\u00f5es delegadas pela Portaria n\u00ba 1.235, de 29\/05\/2026, publicado no DOU de 01\/06\/2026,\nSe\u00e7\u00e3o 2, p\u00e1gina 34, e de acordo com as disposi\u00e7\u00f5es conAdas na Lei n\u00ba 8.112, de 11\/12\/1990 e na Lei n\u00ba 11.892, de\n29\/12\/2008, Torna p\u00fablica a abertura da presente Chamada P\u00fablica de Manifesta\u00e7\u00e3o de Interesse para recomposi\u00e7\u00e3o da\nrepresenta\u00e7\u00e3o discente do Ensino B\u00e1sico e do Ensino Superior no Conselho de Ensino, Pesquisa e Extens\u00e3o \u2013 CEPE\ndo IF Baiano, \n","protected":false},"excerpt":{"rendered":"<p>A SUBSTITUTA DA REITORA DO INSTITUTO FEDERAL DE EDUCA\u00c7\u00c3O, CI\u00caNCIA E TECNOLOGIA BAIANO , no uso das suas atribui\u00e7\u00f5es delegadas pela Portaria n\u00ba 1.235, de 29\/05\/2026, publicado no DOU de 01\/06\/2026, Se\u00e7\u00e3o 2, p\u00e1gina 34, e de acordo com as disposi\u00e7\u00f5es conAdas na Lei n\u00ba 8.112, de 11\/12\/1990 e na Lei n\u00ba 11.892, de 29\/12\/2008, [&hellip;]<\/p>\n","protected":false},"featured_media":0,"template":"","categorias_concursos":[],"tags_concursos":[],"class_list":["post-40735","concursos","type-concursos","status-publish","hentry"],"_links":{"self":[{"href":"https:\/\/ifbaiano.edu.br\/portal\/wp-json\/wp\/v2\/concursos\/40735","targetHints":{"allow":["GET"]}}],"collection":[{"href":"https:\/\/ifbaiano.edu.br\/portal\/wp-json\/wp\/v2\/concursos"}],"about":[{"href":"https:\/\/ifbaiano.edu.br\/portal\/wp-json\/wp\/v2\/types\/concursos"}],"wp:attachment":[{"href":"https:\/\/ifbaiano.edu.br\/portal\/wp-json\/wp\/v2\/media?parent=40735"}],"wp:term":[{"taxonomy":"categorias_concursos","embeddable":true,"href":"https:\/\/ifbaiano.edu.br\/portal\/wp-json\/wp\/v2\/categorias_concursos?post=40735"},{"taxonomy":"tags_concursos","embeddable":true,"href":"https:\/\/ifbaiano.edu.br\/portal\/wp-json\/wp\/v2\/tags_concursos?post=40735"}],"curies":[{"name":"wp","href":"https:\/\/api.w.org\/{rel}","templated":true}]}}

Chamada Pública para escolha de representantes discentes do Ensino Básico e do Ensino Superior no Conselho de Ensino, Pesquisa e Extensão (CEPE)

<p style="text-align: justify;">
A SUBSTITUTA DA REITORA DO INSTITUTO FEDERAL DE EDUCAÇÃO, CIÊNCIA E TECNOLOGIA BAIANO , no
uso das suas atribuições delegadas pela Portaria nº 1.235, de 29/05/2026, publicado no DOU de 01/06/2026,
Seção 2, página 34, e de acordo com as disposições conAdas na Lei nº 8.112, de 11/12/1990 e na Lei nº 11.892, de
29/12/2008, Torna pública a abertura da presente Chamada Pública de Manifestação de Interesse para recomposição da
representação discente do Ensino Básico e do Ensino Superior no Conselho de Ensino, Pesquisa e Extensão – CEPE
do IF Baiano,

<p>A SUBSTITUTA DA REITORA DO INSTITUTO FEDERAL DE EDUCAÇÃO, CIÊNCIA E TECNOLOGIA BAIANO , no uso das suas atribuições delegadas pela Portaria nº 1.235, de 29/05/2026, publicado no DOU de 01/06/2026, Seção 2, página 34, e de acordo com as disposições conAdas na Lei nº 8.112, de 11/12/1990 e na Lei nº 11.892, de 29/12/2008, [&hellip;]</p>
