
{"id":40722,"date":"2026-09-01T15:50:41","date_gmt":"2026-09-01T18:50:41","guid":{"rendered":"https:\/\/ifbaiano.edu.br\/portal\/?post_type=concursos&#038;p=40722"},"modified":"2026-09-01T15:50:41","modified_gmt":"2026-09-01T18:50:41","slug":"processo-eleitoral-neabi-setembro-2026-guanambi","status":"publish","type":"concursos","link":"https:\/\/ifbaiano.edu.br\/portal\/concursos\/processo-eleitoral-neabi-setembro-2026-guanambi\/","title":{"rendered":"Processo Eleitoral do N\u00facleo de Estudos Afro-Brasileiro e Ind\u00edgena \u2013 NEABI &#8211; Campus Guanambi &#8211; Setembro 2026"},"content":{"rendered":"\n<p class=\"wp-block-paragraph\">A Comiss\u00e3o Eleitoral, constitu\u00edda pela PORTARIA 106\/2026 &#8211; GBI-GAB\/GBI-DG\/RET\/IFBAIANO, de 24 de agosto de 2026, do Diretor-Geral do IFBAIANO\/CAMPUS GUANAMBI, torna p\u00fablico o presente Edital de Elei\u00e7\u00e3o e convoca os Docentes, T\u00e9cnicos Administrativos e Discentes para a elei\u00e7\u00e3o do Grupo Gestor do NEABI Local cuja representa\u00e7\u00e3o \u00e9 feita por: tr\u00eas servidores efetivos, um representante discente e respectivo suplente e um membro da comunidade externa.<\/p>\n","protected":false},"excerpt":{"rendered":"<p>A Comiss\u00e3o Eleitoral, constitu\u00edda pela PORTARIA 106\/2026 &#8211; GBI-GAB\/GBI-DG\/RET\/IFBAIANO, de 24 de agosto de 2026, do Diretor-Geral do IFBAIANO\/CAMPUS GUANAMBI, torna p\u00fablico o presente Edital de Elei\u00e7\u00e3o e convoca os Docentes, T\u00e9cnicos Administrativos e Discentes para a elei\u00e7\u00e3o do Grupo Gestor do NEABI Local cuja representa\u00e7\u00e3o \u00e9 feita por: tr\u00eas servidores efetivos, um representante discente [&hellip;]<\/p>\n","protected":false},"featured_media":0,"template":"","categorias_concursos":[],"tags_concursos":[],"class_list":["post-40722","concursos","type-concursos","status-publish","hentry"],"_links":{"self":[{"href":"https:\/\/ifbaiano.edu.br\/portal\/wp-json\/wp\/v2\/concursos\/40722","targetHints":{"allow":["GET"]}}],"collection":[{"href":"https:\/\/ifbaiano.edu.br\/portal\/wp-json\/wp\/v2\/concursos"}],"about":[{"href":"https:\/\/ifbaiano.edu.br\/portal\/wp-json\/wp\/v2\/types\/concursos"}],"wp:attachment":[{"href":"https:\/\/ifbaiano.edu.br\/portal\/wp-json\/wp\/v2\/media?parent=40722"}],"wp:term":[{"taxonomy":"categorias_concursos","embeddable":true,"href":"https:\/\/ifbaiano.edu.br\/portal\/wp-json\/wp\/v2\/categorias_concursos?post=40722"},{"taxonomy":"tags_concursos","embeddable":true,"href":"https:\/\/ifbaiano.edu.br\/portal\/wp-json\/wp\/v2\/tags_concursos?post=40722"}],"curies":[{"name":"wp","href":"https:\/\/api.w.org\/{rel}","templated":true}]}}

Processo Eleitoral do Núcleo de Estudos Afro-Brasileiro e Indígena – NEABI &#8211; Campus Guanambi &#8211; Setembro 2026

<p class="wp-block-paragraph">A Comissão Eleitoral, constituída pela PORTARIA 106/2026 &#8211; GBI-GAB/GBI-DG/RET/IFBAIANO, de 24 de agosto de 2026, do Diretor-Geral do IFBAIANO/CAMPUS GUANAMBI, torna público o presente Edital de Eleição e convoca os Docentes, Técnicos Administrativos e Discentes para a eleição do Grupo Gestor do NEABI Local cuja representação é feita por: três servidores efetivos, um representante discente e respectivo suplente e um membro da comunidade externa.</p>

<p>A Comissão Eleitoral, constituída pela PORTARIA 106/2026 &#8211; GBI-GAB/GBI-DG/RET/IFBAIANO, de 24 de agosto de 2026, do Diretor-Geral do IFBAIANO/CAMPUS GUANAMBI, torna público o presente Edital de Eleição e convoca os Docentes, Técnicos Administrativos e Discentes para a eleição do Grupo Gestor do NEABI Local cuja representação é feita por: três servidores efetivos, um representante discente [&hellip;]</p>
